t common divisor of 360 and 16?
8
Calculate the greatest common divisor of 2 and 262.
2
Calculate the greatest common factor of 133 and 247.
19
Calculate the highest common divisor of 169 and 65.
13
What is the greatest common factor of 74 and 38887?
37
Calculate the highest common divisor of 1369 and 111.
37
Calculate the highest common factor of 15 and 795.
15
Calculate the highest common factor of 10 and 1345.
5
Calculate the greatest common divisor of 1505 and 1820.
35
Calculate the greatest common divisor of 240 and 30.
30
What is the greatest common divisor of 22272 and 174?
174
Calculate the highest common factor of 34 and 2244.
34
Calculate the highest common divisor of 502 and 4267.
251
Calculate the highest common factor of 129 and 688.
43
What is the highest common divisor of 5140 and 20?
20
What is the greatest common factor of 330 and 1210?
110
What is the greatest common factor of 57 and 1501?
19
What is the greatest common divisor of 18 and 14994?
18
Calculate the highest common factor of 20 and 740.
20
What is the greatest common divisor of 900 and 1170?
90
What is the highest common divisor of 82 and 2?
2
What is the highest common divisor of 40 and 190?
10
Calculate the highest common factor of 126 and 50526.
126
What is the highest common factor of 98 and 2793?
49
Calculate the highest common factor of 10044 and 3720.
372
What is the greatest common factor of 126 and 5229?
63
What is the highest common factor of 17664 and 69?
69
What is the highest common divisor of 105 and 10640?
35
Calculate the greatest common divisor of 2324 and 532.
28
Calculate the greatest common divisor of 18 and 234.
18
Calculate the greatest common factor of 194 and 7081.
97
What is the greatest common divisor of 40 and 968?
8
What is the highest common factor of 24 and 564?
12
Calculate the highest common divisor of 12 and 28452.
12
Calculate the greatest common divisor of 104 and 468.
52
Calculate the highest common factor of 30 and 470.
10
Calculate the highest common factor of 2363 and 17.
17
Calculate the highest common divisor of 5900 and 400.
100
What is the highest common factor of 11736 and 324?
36
What is the highest common divisor of 84 and 11004?
84
What is the greatest common factor of 414 and 216?
18
Calculate the greatest common divisor of 133 and 35.
7
Calculate the highest common divisor of 19 and 4864.
19
What is the greatest common factor of 279 and 527?
31
What is the greatest common divisor of 172 and 774?
86
What is the greatest common factor of 60 and 80?
20
What is the greatest common factor of 315 and 147?
21
Calculate the greatest common factor of 1519 and 31.
31
Calculate the greatest common factor of 1572 and 24.
12
What is the greatest common factor of 2412 and 268?
268
What is the highest common factor of 100 and 4?
4
Calculate the greatest common factor of 14 and 28.
14
What is the greatest common factor of 567 and 84?
21
What is the highest common factor of 32 and 304?
16
What is the greatest common divisor of 128 and 24?
8
Calculate the greatest common divisor of 125 and 400.
25
What is the highest common divisor of 24 and 177?
3
What is the highest common factor of 798 and 28994?
266
Calculate the greatest common factor of 225 and 375.
75
Calculate the highest common factor of 115149 and 393.
393
What is the highest common divisor of 26575 and 100?
25
What is the greatest common factor of 1044 and 108?
36
Calculate the highest common factor of 1610 and 140.
70
Calculate the greatest common divisor of 37 and 6.
1
Calculate the highest common factor of 1015 and 595.
35
What is the highest common divisor of 15 and 1590?
15
Calculate the greatest common divisor of 2910 and 15.
15
Calculate the highest common factor of 2 and 1.
1
What is the highest common factor of 435 and 2001?
87
What is the greatest common factor of 49 and 91?
7
Calculate the highest common divisor of 144 and 128.
16
Calculate the greatest common divisor of 507 and 9.
3
What is the highest common divisor of 1484 and 10759?
371
What is the highest common divisor of 1104 and 69?
69
What is the greatest common factor of 132 and 3388?
44
Calculate the greatest common divisor of 1029 and 1008.
21
Calculate the greatest common factor of 665 and 105.
35
What is the greatest common factor of 306 and 54?
18
What is the highest common factor of 132 and 12?
12
What is the highest common factor of 729 and 12?
3
What is the highest common factor of 69 and 4416?
69
Calculate the highest common factor of 253 and 23.
23
Calculate the highest common divisor of 53 and 5936.
53
What is the highest common divisor of 160 and 1500?
20
Calculate the greatest common factor of 25 and 775.
25
Calculate the highest common factor of 25 and 6725.
25
What is the highest common divisor of 36 and 90?
18
What is the highest common divisor of 39 and 429?
39
What is the highest common factor of 5 and 395?
5
What is the highest common divisor of 962 and 407?
37
Calculate the highest common divisor of 2144 and 1696.
32
What is the highest common divisor of 11797 and 47?
47
What is the highest common factor of 335 and 5?
5
Calculate the highest common factor of 964 and 4.
4
Calculate the highest common factor of 20 and 180.
20
Calculate the highest common factor of 94 and 893.
47
Calculate the greatest common factor of 6088 and 72.
8
What is the greatest common divisor of 7 and 2177?
7
Calculate the greatest common factor of 34 and 901.
17
What is the highest common factor of 250 and 4625?
125
Calculate the highest common divisor of 2009 and 1225.
49
What is the greatest common divisor of 112 and 168?
56
What is the highest common divisor of 21 and 448?
7
Calculate the highest common factor of 144 and 8256.
48
What is the greatest common divisor of 472 and 59?
59
Calculate the highest common factor of 396 and 132.
132
What is the highest common divisor of 20 and 4615?
5
What is the highest common factor of 9 and 156?
3
Calculate the highest common divisor of 2805 and 34.
17
What is the highest common divisor of 253 and 184?
23
Calculate the highest common factor of 611 and 94.
47
Calculate the greatest common factor of 40 and 10580.
20
Calculate the greatest common divisor of 741 and 65.
13
What is the greatest common divisor of 6006 and 65?
13
What is the greatest common divisor of 4515 and 30?
15
Calculate the highest common factor of 1974 and 126.
42
What is the highest common divisor of 95 and 5?
5
What is the greatest common divisor of 8084 and 344?
172
What is the highest common factor of 1551 and 282?
141
Calculate the greatest common factor of 137 and 4247.
137
Calculate the greatest common factor of 127 and 4953.
127
What is the highest common factor of 405 and 165?
15
Calculate the greatest common factor of 135 and 315.
45
Calculate the highest common divisor of 144 and 996.
12
Calculate the greatest common factor of 918 and 102.
102
What is the highest common divisor of 140 and 23800?
140
Calculate the highest common divisor of 9 and 246.
3
What is the highest common divisor of 150 and 60?
30
Calculate the highest common divisor of 18 and 1278.
18
What is the greatest common factor of 2450 and 1350?
50
Calculate the highest common divisor of 54 and 189.
27
What is the highest common factor of 104 and 169?
13
Calculate the greatest common divisor of 893 and 235.
47
Calculate the highest common factor of 38 and 23579.
19
What is the greatest common divisor of 86 and 2?
2
What is the greatest common factor of 682 and 62?
62
Calculate the highest common divisor of 58 and 4.
2
What is the highest common factor of 45 and 1125?
45
Calculate the greatest common factor of 37 and 87912.
37
What is the greatest common factor of 470 and 4?
2
What is the highest common factor of 793 and 61?
61
Calculate the greatest common divisor of 138 and 115.
23
What is the greatest common factor of 5915 and 169?
169
Calculate the greatest common divisor of 8382 and 198.
66
What is the greatest common factor of 252 and 588?
84
What is the highest common factor of 62 and 4526?
62
What is the highest common divisor of 11 and 8327?
11
What is the highest common factor of 405 and 45?
45
Calculate the highest common divisor of 672 and 24.
24
Calculate the greatest common divisor of 21 and 4053.
21
Wha